{"id":1617,"date":"2021-07-20T12:02:52","date_gmt":"2021-07-20T12:02:52","guid":{"rendered":"https:\/\/amazdog.com\/?page_id=1617"},"modified":"2021-07-20T12:02:52","modified_gmt":"2021-07-20T12:02:52","slug":"blog-promocion","status":"publish","type":"page","link":"https:\/\/amazdog.com\/index.php\/blog-promocion\/","title":{"rendered":"Blog-promoci\u00f3n"},"content":{"rendered":"<p>[et_pb_section fb_built=\u00bb1&#8243; _builder_version=\u00bb4.9.4&#8243; _module_preset=\u00bbdefault\u00bb custom_padding=\u00bb0px||70px|0px||\u00bb][et_pb_row _builder_version=\u00bb4.9.4&#8243; _module_preset=\u00bbdefault\u00bb custom_padding=\u00bb0px||0px|||\u00bb][et_pb_column type=\u00bb4_4&#8243; _builder_version=\u00bb4.9.4&#8243; _module_preset=\u00bbdefault\u00bb][et_pb_text _builder_version=\u00bb4.9.4&#8243; _module_preset=\u00bbdefault\u00bb] [\/et_pb_text][\/et_pb_column][\/et_pb_row][\/et_pb_section][et_pb_section fb_built=\u00bb1&#8243; _builder_version=\u00bb4.9.4&#8243; _module_preset=\u00bbdefault\u00bb background_color=\u00bb#57b4e4&#8243; custom_margin=\u00bb-74px|||||\u00bb custom_padding=\u00bb90px||2px|0px||\u00bb][et_pb_row _builder_version=\u00bb4.9.4&#8243; _module_preset=\u00bbdefault\u00bb custom_margin=\u00bb-82px|auto||auto||\u00bb][et_pb_column type=\u00bb4_4&#8243; _builder_version=\u00bb4.9.4&#8243; _module_preset=\u00bbdefault\u00bb][et_pb_text _builder_version=\u00bb4.9.4&#8243; _module_preset=\u00bbdefault\u00bb text_font_size=\u00bb40px\u00bb]<\/p>\n<p style=\"text-align: center;\"><span style=\"color: #ffffff;\"><strong>BLOG<\/strong><\/span><\/p>\n<p>[\/et_pb_text][\/et_pb_column][\/et_pb_row][\/et_pb_section][et_pb_section fb_built=\u00bb1&#8243; _builder_version=\u00bb4.9.4&#8243; _module_preset=\u00bbdefault\u00bb custom_padding=\u00bb5px||524px|0px||\u00bb][et_pb_row _builder_version=\u00bb4.9.4&#8243; _module_preset=\u00bbdefault\u00bb][et_pb_column type=\u00bb4_4&#8243; _builder_version=\u00bb4.9.4&#8243; _module_preset=\u00bbdefault\u00bb][et_pb_image src=\u00bbhttps:\/\/amazdog.com\/wp-content\/uploads\/2021\/07\/1_BLOG-1.png\u00bb title_text=\u00bb1_BLOG (1)\u00bb align=\u00bbcenter\u00bb _builder_version=\u00bb4.9.4&#8243; _module_preset=\u00bbdefault\u00bb hover_enabled=\u00bb0&#8243; sticky_enabled=\u00bb0&#8243;][\/et_pb_image][\/et_pb_column][\/et_pb_row][et_pb_row _builder_version=\u00bb4.9.4&#8243; _module_preset=\u00bbdefault\u00bb][et_pb_column _builder_version=\u00bb4.9.4&#8243; _module_preset=\u00bbdefault\u00bb type=\u00bb4_4&#8243;][et_pb_text _builder_version=\u00bb4.9.4&#8243; _module_preset=\u00bbdefault\u00bb hover_enabled=\u00bb0&#8243; sticky_enabled=\u00bb0&#8243;]<\/p>\n<p style=\"text-align: justify;\"><span style=\"font-weight: 400;\">Sabemos que sentirse\u00a0 seguro es siempre una prioridad. Porque cuidamos de ti y de los tuyos, este mes de junio te traemos una promoci\u00f3n que no puedes dejar escapar. Si todav\u00eda no cuentas con un seguro de salud privado, en Seguros de Salud Online hemos pensado en ti.\u00a0<\/span><\/p>\n<p style=\"text-align: justify;\"><span style=\"font-weight: 400;\">Durante todo el mes de junio y hasta el pr\u00f3ximo 31 de julio tienes la oportunidad de obtener un reembolso de hasta 100 euros si contratas un seguro de salud y uno dental. \u00bfIncre\u00edble verdad?\u00a0<\/span><\/p>\n<p style=\"text-align: justify;\"><span style=\"font-weight: 400;\">\u00bfA\u00fan te lo sigues pensando? Te explicamos las condiciones para que no lo dudes m\u00e1s y te unas a la familia de Seguros de Salud Online, agentes exclusivos de Adeslas.\u00a0<\/span><\/p>\n<p style=\"text-align: justify;\"><span style=\"font-weight: 400;\">Si optas por contratar cualquiera de nuestros seguros de salud, contratando tambi\u00e9n el seguro dental, recibir\u00e1s 25\u20ac m\u00e1s de reembolso. Es decir, si decides contratar Adeslas Go, desde 16,20 euros al mes, obtendr\u00e1s 25 euros de reembolso. En cambio, si te decantas por los servicios que ofrece Gama Plena y decides contratar alguna de estas p\u00f3lizas, obtendr\u00e1s 75 y 100\u20ac de reembolso.\u00a0<\/span><\/p>\n<p style=\"text-align: justify;\"><span style=\"font-weight: 400;\">Adem\u00e1s contratando el seguro Dental Max, desde tan s\u00f3lo 8 euros al mes por asegurado, obtienes 25 euros de reembolso.\u00a0<\/span><\/p>\n<p style=\"text-align: justify;\"><span style=\"font-weight: 400;\">\u00bfPero y si ya tengo seguro con otra compa\u00f1\u00eda? \u00a1No te preocupes! Vente a Seguros de Salud Online y te eliminamos las carencias adem\u00e1s de multiplicar el valor de tu reembolso por 2 con hasta 200 euros.\u00a0<\/span><\/p>\n<p style=\"text-align: justify;\"><span style=\"font-weight: 400;\">Trabajamos para ti y para los tuyos. No dudes en contactar con nosotros si quieres recibir m\u00e1s informaci\u00f3n sobre esta promoci\u00f3n. Recuerda que es por tiempo limitado. <\/span><\/p>\n<p>[\/et_pb_text][\/et_pb_column][\/et_pb_row][\/et_pb_section]<\/p>\n","protected":false},"excerpt":{"rendered":"<p>BLOGSabemos que sentirse\u00a0 seguro es siempre una prioridad. Porque cuidamos de ti y de los tuyos, este mes de junio te traemos una promoci\u00f3n que no puedes dejar escapar. Si todav\u00eda no cuentas con un seguro de salud privado, en Seguros de Salud Online hemos pensado en ti.\u00a0 Durante todo el mes de junio y [&hellip;]<\/p>\n","protected":false},"author":4,"featured_media":0,"parent":0,"menu_order":0,"comment_status":"closed","ping_status":"closed","template":"","meta":{"_et_pb_use_builder":"on","_et_pb_old_content":"","_et_gb_content_width":"","footnotes":""},"class_list":["post-1617","page","type-page","status-publish","hentry"],"_links":{"self":[{"href":"https:\/\/amazdog.com\/index.php\/wp-json\/wp\/v2\/pages\/1617","targetHints":{"allow":["GET"]}}],"collection":[{"href":"https:\/\/amazdog.com\/index.php\/wp-json\/wp\/v2\/pages"}],"about":[{"href":"https:\/\/amazdog.com\/index.php\/wp-json\/wp\/v2\/types\/page"}],"author":[{"embeddable":true,"href":"https:\/\/amazdog.com\/index.php\/wp-json\/wp\/v2\/users\/4"}],"replies":[{"embeddable":true,"href":"https:\/\/amazdog.com\/index.php\/wp-json\/wp\/v2\/comments?post=1617"}],"version-history":[{"count":2,"href":"https:\/\/amazdog.com\/index.php\/wp-json\/wp\/v2\/pages\/1617\/revisions"}],"predecessor-version":[{"id":1621,"href":"https:\/\/amazdog.com\/index.php\/wp-json\/wp\/v2\/pages\/1617\/revisions\/1621"}],"wp:attachment":[{"href":"https:\/\/amazdog.com\/index.php\/wp-json\/wp\/v2\/media?parent=1617"}],"curies":[{"name":"wp","href":"https:\/\/api.w.org\/{rel}","templated":true}]}}